0?
True
Is 198 a factor of 154049?
False
Does 8 divide 239522?
False
Is 10612572 a multiple of 262?
True
Is 3669 a multiple of 4?
False
Is 2297505 a multiple of 773?
False
Does 592 divide 1378176?
True
Is 5569707 a multiple of 352?
False
Does 320 divide 213760?
True
Does 25 divide 48086?
False
Does 622 divide 346084?
False
Is 484269 a multiple of 22?
False
Does 28 divide 28476?
True
Does 9 divide 14511420?
True
Is 87476 a multiple of 2?
True
Does 23 divide 8698?
False
Is 2750297 a multiple of 109?
False
Is 7 a factor of 38171?
True
Does 20 divide 14160?
True
Is 6 a factor of 44504?
False
Is 247456 a multiple of 176?
True
Is 9 a factor of 982383?
False
Is 7331483 a multiple of 389?
True
Does 35 divide 85995?
True
Is 4398826 a multiple of 157?
True
Is 2137 a factor of 9217501?
False
Is 30457366 a multiple of 81?
False
Does 4 divide 1895957?
False
Is 54594 a multiple of 11?
False
Is 338 a factor of 11836084?
True
Does 21 divide 291093?
False
Does 19 divide 51281?
True
Does 4 divide 561484?
True
Is 24 a factor of 432?
True
Is 20 a factor of 21676?
False
Does 200 divide 3110400?
True
Is 101675 a multiple of 37?
False
Is 61 a factor of 104295?
False
Is 982770 a multiple of 470?
True
Is 11455 even?
False
Is 11783424 a multiple of 16?
True
Is 1430231 a multiple of 473?
False
Does 19 divide 118693?
True
Is 39 a factor of 3048552?
True
Is 133 a factor of 9834?
False
Does 5 divide 18137?
False
Does 4 divide 349432?
True
Is 734 a factor of 657664?
True
Does 298 divide 179592?
False
Is 203700 a multiple of 350?
True
Is 109200 a multiple of 60?
True
Is 2869 a factor of 24331989?
True
Does 196 divide 1617683?
False
Is 85100 a multiple of 230?
True
Is 342880 even?
True
Is 40 a factor of 1276655?
False
Is 9862 a multiple of 14?
False
Is 9 a factor of 27495?
True
Is 8033508 a multiple of 150?
False
Is 13 a factor of 15050317?
False
Does 10 divide 24920?
True
Does 28 divide 210784?
True
Is 5 a factor of 2171794?
False
Is 657021 a multiple of 18?
False
Is 25240 a multiple of 4?
True
Does 4 divide 221952?
True
Does 147 divide 693252?
True
Is 5 a factor of 365232?
False
Is 117721 a multiple of 7?
False
Is 10 a factor of 1109140?
True
Is 103680 a multiple of 36?
True
Is 969075 a multiple of 25?
True
Is 8746 a multiple of 10?
False
Is 4 a factor of 1245376?
True
Does 123 divide 131177?
False
Is 213 a factor of 296496?
True
Is 3102832 a multiple of 624?
False
Does 513 divide 2373138?
True
Does 49 divide 177429?
True
Does 337 divide 1200817?
False
Does 206 divide 22464506?
True
Is 133 a factor of 19775?
False
Is 5081758 a multiple of 710?
False
Is 119 a factor of 987045?
False
Is 6314555 a multiple of 19?
True
Does 26 divide 6893354?
True
Is 204132 a multiple of 6?
True
Is 783538 a multiple of 22?
False
Is 383460 a multiple of 330?
True
Is 11 a factor of 56920?
False
Is 59 a factor of 3581359?
True
Does 492 divide 4213488?
True
Is 12 a factor of 646968?
True
Does 24 divide 356898?
False
Is 6 a factor of 4282986?
True
Does 658 divide 4504010?
True
Is 8 a factor of 1426256?
True
Is 757735 a multiple of 23?
True
Does 16 divide 2278992?
True
Is 880931 a multiple of 12?
False
Is 55 a factor of 532451?
False
Is 379974 a multiple of 42?
True
Does 146 divide 9826050?
False
Is 164204 a multiple of 16?
False
Is 1132468 a multiple of 376?
False
Is 61 a factor of 88267?
True
Is 483931 a multiple of 158?
False
Is 342337 a multiple of 61?
False
Is 670062 a multiple of 365?
False
Does 6 divide 1877797?
False
Is 18 a factor of 35340228?
True
Is 165 a factor of 4210140?
True
Does 69 divide 1143?
False
Does 1840 divide 17244736?
False
Is 29 a factor of 26389875?
False
Is 1566432 a multiple of 28?
True
Is 81589 a multiple of 103?
False
Is 439440 a multiple of 6?
True
Is 7 a factor of 101872?
False
Does 32 divide 7606206?
False
Is 2405780 a multiple of 52?
True
Is 21 a factor of 1507662?
False
Is 145 a factor of 7977030?
True
Is 6 a factor of 143286?
True
Does 6 divide 1638168?
True
Is 10 a factor of 1044872?
False
Is 22 a factor of 1836421?
False
Is 10282077 a multiple of 9?
True
Is 441788 a multiple of 38?
True
Does 22 divide 249222?
False
Is 1696434 a multiple of 86?
False
Is 8157536 a multiple of 76?
True
Is 22 a factor of 2301970?
True
Is 782544 a multiple of 34?
True
Does 12 divide 1784040?
True
Is 34 a factor of 108868?
True
Does 60 divide 30240?
True
Is 593 a factor of 9743293?
False
Is 11 a factor of 77649?
True
Does 7 divide 7651105?
True
Is 5133923 a multiple of 458?
False
Is 49 a factor of 227801?
True
Does 534 divide 4214328?
True
Is 164 a factor of 136612?
True
Is 372224 a multiple of 64?
True
Is 323329 a multiple of 313?
True
Does 57 divide 2999226?
True
Is 367 a factor of 163186?
False
Is 20 a factor of 4203945?
False
Is 491508 a multiple of 369?
True
Is 239 a factor of 384150?
False
Is 231 a multiple of 2?
False
Is 315034 a multiple of 21?
False
Does 27 divide 484785?
True
Is 1397 a multiple of 34?
False
Is 410664 a multiple of 26?
False
Is 68 a factor of 2545920?
True
Does 16 divide 5616?
True
Is 21 a factor of 82236?
True
Does 502 divide 4009014?
False
Is 11580642 a multiple of 34?
False
Does 14 divide 163135?
False
Is 161593 a multiple of 47?
False
Is 173089 a multiple of 374?
False
Is 326025 a multiple of 765?
False
Does 120 divide 14277990?
False
Does 15 divide 1644713?
False
Is 17 a factor of 18361?
False
Is 13767942 a multiple of 1087?
True
Is 687783 a multiple of 7?
False
Is 147982 a multiple of 46?
True
Is 1146871 a multiple of 72?
False
Does 6 divide 180876?
True
Is 301 a factor of 2312583?
True
Is 232 a factor of 1852047?
False
Is 8 a factor of 1500552?
True
Is 105 a factor of 63869?
False
Is 887039 a multiple of 367?
True
Does 219 divide 263676?
True
Is 283597 a multiple of 63?
False
Is 444768 a multiple of 12?
True
Does 215 divide 45150?
True
Is 52326 a multiple of 54?
True
Does 822 divide 195091?
False
Does 1221 divide 4117212?
True
Is 179 a factor of 5426206?
True
Is 2839274 a multiple of 58?
True
Is 51 a factor of 297228?
True
Is 17171846 a multiple of 283?
False
Is 79198 a multiple of 578?
False
Is 13 a factor of 833432?
False
Does 8 divide 198504?
True
Does 407 divide 28523?
False
Is 53 a factor of 497683?
False
Does 17 divide 658988?
True
Does 115 divide 24150?
True
Is 26 a factor of 1745770?
True
Is 314 a factor of 90432?
True
Is 28242 a multiple of 14?
False
Is 126805 a multiple of 95?
False
Is 75658 a multiple of 19?
True
Is 1709202 a multiple of 11?
True
Is 43680 a multiple of 33?
False
Is 57 a factor of 233301?
True
Is 21590 a multiple of 10?
True
Does 138 divide 17396?
False
Is 50239 a multiple of 6?
False
Is 93 a factor of 564417?
True
Is 39 a factor of 6593338?
False
Is 1198 a factor of 2300907?
False
Does 53 divide 3796708?
True
Does 37 divide 3594883?
True
Does 81 divide 27305?
False
Is 565870 a multiple of 355?
True
Does 525 divide 80048?
False
Does 866 divide 2157206?
True
Is 3210888 a multiple of 77?
False
Is 166881 a multiple of 454?
False
Is 941147 a multiple of 33?
False
Is 2 a factor of 1280015?
False
Is 306 a factor of 9137160?
True
Is 350385 a multiple of 19?
False
Is 7143582 a multiple of 59?
False
Is 1074 a factor of 2317772?
False
Is 471713 a multiple of 158?
False
Is 2284259 a multiple of 23?
False
Does 109 divide 9344679?
True
Is 792199 a multiple of 11?
False
Is 113 a factor of 1997388?
True
Is 17 a factor of 72808?
False
Is 53679 a multiple of 3?
True
Is 9 a factor of 597793?
False
Is 77403 a multiple of 3?
True
Is 219 a factor of 24908?
False
Is 929764 even?
True
Is 197637 a multiple of 339?
True
Does 634 divide 308124?
True
Does 108 divide 2869771?
False
Is 369 a factor of 11461232?
False
Is 1045 a factor of 687554?
False
Is 192006 a multiple of 18?
True
Is 41 a factor of 674368?
True
Is 21 a factor of 51009?
True
Is 52 a factor of 2898465?
False
Is 795 a factor of 517545?
True
Is 19 a factor of 5321501?
True
Is 11 a factor of 24619540?
True
Does 143 divide 17732?
True
Does 18 divide 108830?
False
Does 15 divide 1770391?
False
Does 13 divide 197769?
True
Does 10 divide 15165235?
False
Is 1776125 a multiple of 45?
False
Does 12 divide 118788?
True
Is 5262347 a multiple of 23?
False
Is 157 a factor of 11748?
False
Is 20068 even?
True
Is 28 a factor of 7168?
True
Does 4 divide 176336?
True
Is 1434 a factor of 10469135?
Fals